f + 10 = 0. Let c(b) = -5*b - 1 - 2 + 6 - n. Suppose 10 + 5 = -3*w. What is c(w)?
19
Let y(g) = g. Let r be y(4). Let f(b) = -b**3 - 2*b**2 - b + 4*b**2 + r + 0*b**2. Let h(v) = 68*v - 2445. Let t be h(36). What is f(t)?
-8
Let l(c) = 8*c + 375. Let g be l(-48). Let i(d) = -d**2 - 7*d + 14. Calculate i(g).
-4
Suppose -u - 3*q - 9 = 0, 3*u = -35*q + 37*q - 49. Let i(c) = 3*c + 28. Calculate i(u).
-17
Let b(m) = -2*m**2 - 69*m + 4*m**2 - 6524 + 6518 - 4*m**2 + 5*m**2. Determine b(23).
-6
Let d(z) = -z**2 + 8*z + 6. Let r be (1 - (-67)/3)/(16/48). Let g = r + -57. Suppose -2*v + 5 = 2*f - g, 0 = -4*v + 3*f + 8. Give d(v).
21
Let h(i) = -14*i**3 + 15*i**2 - 75*i - 8. Let o(n) = 5*n**3 - 5*n**2 + 26*n + 3. Let u(m) = 6*h(m) + 17*o(m). Determine u(-6).
15
Suppose 0 = 4*u - 8, 0*b + u = b + 4. Let r be -1 - 7/(21/(-12)). Let s(n) = 2 + r*n - 8*n + 16*n. What is s(b)?
-20
Suppose -9*f = -4*f - 265. Let k = -55 + f. Let g(s) = -s**3 + 4*s**2 - s - 2. Let m(u) = 2*u**3 - 8*u**2 + 3*u + 5. Let v(w) = k*m(w) - 5*g(w). Calculate v(4).
-4
Let u(i) = 84*i**2 - 3*i + 17. Let h(k) = -30*k**2 + k - 6. Let o(g) = -17*h(g) - 6*u(g). Let v = -23 - -24. Calculate o(v).
7
Let l(b) = 8*b - 2. Let o(c) = 43*c + 99. Let z(p) = 8*l(p) - o(p). What is z(5)?
-10
Let a(i) = 4*i - 8. Suppose -126 = -1055*j + 1013*j. What is a(j)?
4
Let c(j) = -772*j + 18 - 431*j + 1207*j - 10*j**2. Determine c(-3).
-84
Let x(o) be the first derivative of 9*o**2/2 - 37*o + 976. Calculate x(2).
-19
Let a(h) = -3*h**3 - h**2 + 2*h + 2. Let v be a(-1). Suppose -4*z + v*b = -396, 4 = 2*b - 4*b. Let f = z + -92. Let g(k) = k**3 - 7*k**2 + 5*k + 1. Give g(f).
-5
Let l(i) = 17 + 0*i**3 + 71*i - 20*i**2 - 194*i - 3*i**3 + 4*i**3 + 100*i. What is l(21)?
-25
Let w(i) be the third derivative of i**6/120 - i**5/4 - 5*i**4/8 - 3*i**3/2 - 6552*i**2. Let z be 18/(-30) - (-249)/15. What is w(z)?
7
Let g(z) = -z**2 + 3*z + 3. Let p = 8240 - 8237. Calculate g(p).
3
Let y(r) be the third derivative of r**6/360 + 7*r**5/120 + 5*r**4/24 - 9*r**3/2 + r**2 - 12*r. Let l(i) be the first derivative of y(i). Determine l(-5).
-5
Let k(v) = v**2 - 6*v + 7. Let z(x) = -x**2 + 5*x - 7. Suppose -2*q - c = 3, -3*c = 1 - 4. Let p(h) = q*z(h) - 3*k(h). What is p(6)?
5
Let j(g) be the first derivative of -g**3/3 + g**2 + 5*g - 39. Let o be j(3). Let f(l) = 2 - 42*l**o + 41*l**2 - 7 - 7. What is f(0)?
-12
Let i(r) = -r**3 - 4*r**2 + 7*r + 4. Let h(j) be the second derivative of -7/6*j**3 + 1/12*j**4 + 17*j - 5/2*j**2 + 0. Let b be h(7). Give i(b).
-6
Let z(o) = -o**2 + 5*o. Let d = 53 - 38. Suppose 18*f = d*f + 165. Let c = 60 - f. Determine z(c).
0
Let m(v) = -v - 93. Let h(t) = t + 154. Let r(d) = -3*h(d) - 5*m(d). Let u be 3 - (0 + 2) - -8. Determine r(u).
21
Let c(i) = 5835 + 6*i**2 - 4*i**2 + 19*i - 5793. Give c(-6).
0
Let i(m) = m**2 - 7*m + 13. Suppose -65*z + 560 = -25*z. Suppose -y + 11*v - 16*v + z = 0, -2 = -v. What is i(y)?
1
Let j(x) = -2*x - 1. Let m(s) = -2*s**3 + 11*s**2 - 13*s + 6. Let l be m(3). Let u be 1/(-3) - (-19)/3. Suppose 2*y - l = -u. What is j(y)?
-7
Let l(i) = i + 1. Let h(p) = -24*p - 22. Let o(t) = 2*h(t) + 44*l(t). Let w be ((-2)/5)/((-4)/10)*(7 - 6). What is o(w)?
-4
Let r(l) = -l**3 + 18*l**2 - 30*l - 38. Let c be r(16). Let o(f) = -f**2 - 7*f - 2. Calculate o(c).
4
Let j(b) be the third derivative of -b**4/6 - 7*b**2. Let d(q) = 3*q + 7. Let w(z) = -d(z) - 2*j(z). Calculate w(4).
13
Let j(a) = -a - 10. Let q be j(-3). Let k(o) be the first derivative of o**3/3 + 7*o**2/2 - 6*o - 3. Let p be k(q). Let f(w) = w + 14. Give f(p).
8
Let m(j) be the second derivative of -j**5/20 + 2*j**4/3 + 7*j**3/2 - 3*j**2 - 2*j - 517. What is m(10)?
4
Let n(b) = -b**2 + 18*b - 18. Let w be ((-47)/(-376))/((-2)/(-112)) - -8. Give n(w).
27
Let p = -11241 - -11243. Let t(r) = 33*r + 2. What is t(p)?
68
Suppose 129 = d - a - 157, 2*a = 4*d - 1152. Suppose -23*u - 106 = -d. Let m(x) = x**2 - 13*x - 5. Give m(u).
-45
Let p(r) be the third derivative of -r**5/20 + 13*r**4/3 - 21*r**3/2 - r**2 - 1472*r. Give p(34).
5
Let p(w) = -3*w**3 - 16*w**2 - 22*w + 20. Let k(g) = -5*g**3 - 16*g**2 - 24*g + 18. Let m(y) = 2*k(y) - 3*p(y). Determine m(17).
-7
Let d(g) = -5*g**2 + 9*g + 5. Let i(m) = 826*m + 3302. Let n be i(-4). What is d(n)?
-33
Let m(s) = -2*s**2 - 66*s - 7. Suppose 4*z = 5*t + 145, -51*z - 71 = 2*t - 50*z. Calculate m(t).
-7
Let l(d) = 3*d**2 + 12*d - 15. Let p be l(-5). Let n(h) = p*h - 39 + 15 - h + 15 - 7*h**2 - h**3. Give n(-7).
-2
Let d(c) = c**2 - c - 2. Let n = -66 + 72. Suppose 0 = y - b + n*b + 1, y - b - 5 = 0. Determine d(y).
10
Let z(b) = 55*b**2 + 4*b - 2. Let a(p) = -28*p**2 - 2*p + 1. Let v(u) = 7*a(u) + 4*z(u). Suppose -5*k - 2*d + 11 = d, 5*d - 10 = 0. Give v(k).
25
Suppose 3*d + 496 = -4*i, 0*i + 2*i + d = -250. Let b be (-1)/1 + (0 - i). Let o = 132 - b. Let m(v) = v**2 - 8*v + 2. What is m(o)?
-10
Let p(x) = 839*x - 13. Let a(w) = -166*w + 1. Let z(k) = 5*a(k) + p(k). Give z(-2).
-26
Suppose 3*s = -4*i - 36 + 123, 5*s + 135 = 5*i. Let r(o) = o**2 - 13*o - 261. Calculate r(i).
3
Let z(l) = -134*l**3 - 69*l**2 + 139*l + 108. Let j(h) = -73*h**3 - 35*h**2 + 70*h + 53. Let i(c) = -11*j(c) + 6*z(c). Determine i(-31).
3
Let c = -5995 + 6002. Let w(u) = -1 + 0 + 1 - u + 4. What is w(c)?
-3
Let y(a) be the third derivative of -a**4/12 - 5*a**3/6 - 1505*a**2 + 2*a. What is y(-7)?
9
Let a be 2/(-10) + (-52)/(-10). Let i(g) = 7 - 19*g + 14*g - 4*g - 2*g + 5*g + 0*g. What is i(a)?
-23
Let g(h) be the second derivative of h**5/20 - h**4/12 + 2*h**3/3 - 3*h**2/2 - h. Let x(v) = v**3 + 7*v**2 - 144*v + 2. Let l be x(-16). Give g(l).
9
Let w = 9288 + -9283. Let d(l) = 5*l**3 - 26*l**2 + 10*l - 15. Determine d(w).
10
Let j = -110 + 52. Let r = -96 - j. Let d = 34 + r. Let z(v) = 4*v - 2. Calculate z(d).
-18
Let t(y) = -y - 4. Let c = -109 + 117. Suppose -c*z - 63 = z. What is t(z)?
3
Let b = -1456 + 1753. Let t(r) = b + 2*r**2 + 4*r**3 - r - 146 - 150. Suppose 0*m + 2*m = -4. What is t(m)?
-21
Let d(f) = 19*f - 451. Let l be d(23). Let c(t) = t**2 + 17*t + 13. Determine c(l).
-29
Let x(b) = -b - 6. Suppose 0 = -3*n + k + 13, 4*n = -n + 3*k + 19. Suppose 3*p + 17 = -n*j - 7, 0 = 5*j + 15. Calculate x(p).
-3
Let g = -17766 + 17764. Let i(u) = 2*u - 6*u - 4*u - 1. Give i(g).
15
Let s(u) = 92 + 17*u + 102 + 92 - 401 + 93. Calculate s(3).
29
Suppose 4*i - 6 = -3*z - 2, 5*i + 6 = -z. Let m(j) = 0 - 5*j + z - 1 + j. Suppose 4*y + 6 = 18. Calculate m(y).
-9
Let u = 2006 + -2013. Let z(x) = -2*x - 3 - 5*x - 6 + 7*x**2 - 8*x**2. What is z(u)?
-9
Let t(c) = -c. Let q(i) = -5*i - 1. Let z(h) = 2*q(h) - 11*t(h). Suppose -68*b + 348 + 264 = 0. Determine z(b).
7
Let l be (5/(-7 + 2))/((-3)/12). Let f(t) = 6*t - 4 + l + t**2 + 4 - 6. Determine f(-3).
-11
Suppose -5*d + 40 = -20. Suppose 0 = 5*n - 2 + d. Let f(a) = -464*a + 2*a**3 - 468*a + 933*a + 4*a**2 - 2. What is f(n)?
-4
Suppose 4*v + 1078 = -3*s - 510, -2*v + 2*s - 794 = 0. Let r = v - -967. Let n(j) = r + 2*j - j**3 + 0*j + 6*j**2 - 579. Give n(6).
3
Let b(v) = -v**3 + 11*v**2 - 3*v - 7. Suppose -16*t - 17996 = -18172. What is b(t)?
-40
Let n(d) = -7*d + 330. Suppose 5*f = 22*s - 19*s + 244, -f + 32 = 5*s. Determine n(f).
1
Let k(f) = -3*f - 5. Let n be (-2402)/(-6) - (-14)/21. Let d = n - 404. Give k(d).
4
Let p(n) be the second derivative of -n**5/20 - 7*n**4/12 - 2*n**3/3 - 11*n**2/2 - 3332*n. What is p(-6)?
-23
Suppose 2*r - 32 = 4*l, 0 = -3*l - 2*r + 1 - 18. Let s(f) = -6*f**2 - 3*f - 4. Let z(q) = -7*q**2 - 2*q - 4. Let w(h) = -6*s(h) + 5*z(h). Determine w(l).
-3
Let q be (0/2)/(1 - 2). Suppose -12*a - 42 = -15*a. Let l(j) = 405*j + 11 - 406*j - a. Give l(q).
-3
Suppose -26 = -k - k - 3*h, -4*k - 4*h + 52 = 0. Let f = k - 13. Let l(p) be the second derivative of -p**4/12 + p**3/6 + 3*p**2 - p. Determine l(f).
6
Let p(o) = -119*o**2 - 113*o**2 + 339*o**2 - 2*o - 11*o - 109*o**2 + 24. What is p(-11)?
-75
Let m(l) be the third derivative of -l**6/120 - 17*l**5/60 + 19*l**4/24 + 11*l**3/6 - l**2 - 72. Calculate m(-18).
-7
Let s(o) = -o + 2*o + o + 11 + 0. Let h(g) = 5*g + 1. Let y be h(-2). What is s(y)?
-7
Let q(c) = -c - 2. Let w(d) = -8*d - 97. Let f(r) = 5*q(r) - w(r). Let u be f(-27). Suppose z = u*z - 30. Let a(i) = -i - 7. Determine a(z).
-13
Let q(n) = 